{"id":3372,"date":"2021-08-02T09:41:52","date_gmt":"2021-08-02T09:41:52","guid":{"rendered":"http:\/\/evanspublishers.com\/estore\/?post_type=product&#038;p=3372"},"modified":"2024-03-18T14:33:38","modified_gmt":"2024-03-18T14:33:38","slug":"ta-la-ri-bawi","status":"publish","type":"product","link":"https:\/\/evanspublishers.com\/estore\/product\/ta-la-ri-bawi\/","title":{"rendered":"Ta La Ri Bawi?"},"content":{"rendered":"","protected":false},"excerpt":{"rendered":"<p>\u00ccw\u00f2r\u00ec k\u00f2 r\u00eak\u00fa; eg\u00fang\u00fan k\u00f2 gbqd\u00f4 na babal\u00e1wo. \u00c8\u00e8w\u00f4, aj\u00e1 k\u00f2 gbqd\u00f4 job\u00ec. \u00c0gbvd\u00f4! K\u00ednla! K\u00edn ni k\u00e1 ti gb\u00f6 p\u00e9 \u00e0l\u00f9f\u00e1\u00e0 t\u00ed \u00f3 j\u00eb ol\u00f9fqk\u00e0ns\u00ecn gidi gb\u00f6d\u00f4 bq Yemqja? K\u00ed \u00c8d\u00f9m\u00e0r\u00e8 m\u00e1 da ohun t\u00ed a k\u00f2 f\u00eb s\u00ed ni l\u00e1gbada. \u00d2j\u00f2 wo l\u00f3 r\u00f4 t\u00f3 k\u00ebyvl\u00e9 p\u00f4 m\u00e1d\u00ecye? Ta leku ed\u00e1? Ta la r\u00ed b\u00e1w\u00ed?<\/p>\n","protected":false},"featured_media":3373,"template":"","meta":{"_mo_disable_npp":""},"product_cat":[122,242,102],"product_tag":[],"class_list":{"0":"post-3372","1":"product","2":"type-product","3":"status-publish","4":"has-post-thumbnail","6":"product_cat-evans-books","7":"product_cat-general-tertiary-titles","8":"product_cat-general-interest","10":"first","11":"instock","12":"shipping-taxable","13":"purchasable","14":"product-type-simple"},"jetpack_sharing_enabled":true,"jetpack-related-posts":[],"_links":{"self":[{"href":"https:\/\/evanspublishers.com\/estore\/wp-json\/wp\/v2\/product\/3372","targetHints":{"allow":["GET"]}}],"collection":[{"href":"https:\/\/evanspublishers.com\/estore\/wp-json\/wp\/v2\/product"}],"about":[{"href":"https:\/\/evanspublishers.com\/estore\/wp-json\/wp\/v2\/types\/product"}],"wp:featuredmedia":[{"embeddable":true,"href":"https:\/\/evanspublishers.com\/estore\/wp-json\/wp\/v2\/media\/3373"}],"wp:attachment":[{"href":"https:\/\/evanspublishers.com\/estore\/wp-json\/wp\/v2\/media?parent=3372"}],"wp:term":[{"taxonomy":"product_cat","embeddable":true,"href":"https:\/\/evanspublishers.com\/estore\/wp-json\/wp\/v2\/product_cat?post=3372"},{"taxonomy":"product_tag","embeddable":true,"href":"https:\/\/evanspublishers.com\/estore\/wp-json\/wp\/v2\/product_tag?post=3372"}],"curies":[{"name":"wp","href":"https:\/\/api.w.org\/{rel}","templated":true}]}}